{"id":16,"date":"2025-11-09T18:47:45","date_gmt":"2025-11-09T18:47:45","guid":{"rendered":"https:\/\/heyvyapi.com\/?page_id=16"},"modified":"2025-11-09T18:49:01","modified_gmt":"2025-11-09T18:49:01","slug":"hakkimizda","status":"publish","type":"page","link":"https:\/\/heyvyapi.com\/index.php\/hakkimizda\/","title":{"rendered":"hakk\u0131m\u0131zda"},"content":{"rendered":"\n<p>Heyv Yap\u0131 \u0130n\u015faat olarak, g\u00fcvenilir, sa\u011flam ve estetik ya\u015fam alanlar\u0131 \u00fcretme hedefiyle kuruldu\u011fumuz g\u00fcnden bu yana in\u015faat sekt\u00f6r\u00fcnde faaliyet g\u00f6stermekteyiz. Her projede kaliteyi, m\u00fc\u015fteri memnuniyetini ve m\u00fchendislik disiplinini \u00f6n planda tutarak; sadece binalar de\u011fil, uzun y\u0131llar boyunca de\u011ferini koruyan ya\u015fam alanlar\u0131 in\u015fa ediyoruz.<\/p>\n\n\n\n<p>Uzman kadromuz, modern teknolojiler ve yenilik\u00e7i \u00e7\u00f6z\u00fcmlerle; konut, i\u015f yeri, tadilat ve dekorasyon projelerine anahtar teslim hizmet sunuyoruz. Planlama a\u015famas\u0131ndan teslim sonras\u0131na kadar t\u00fcm s\u00fcre\u00e7lerde \u015feffaf ileti\u015fim, i\u015f g\u00fcvenli\u011fi ve \u00e7evre duyarl\u0131l\u0131\u011f\u0131 bizim i\u00e7in vazge\u00e7ilmezdir.<\/p>\n\n\n\n<p>Heyv Yap\u0131 \u0130n\u015faat olarak her yap\u0131ya imzam\u0131z\u0131 gururla at\u0131yor, gelece\u011fi birlikte in\u015fa etmeye devam ediyoruz.<\/p>\n\n\n\n<p><strong>Heyv Yap\u0131 \u0130n\u015faat \u2013 G\u00fcvenin Temeli, Yap\u0131n\u0131n Heybeti<\/strong><\/p>\n","protected":false},"excerpt":{"rendered":"<p>Heyv Yap\u0131 \u0130n\u015faat olarak, g\u00fcvenilir, sa\u011flam ve estetik ya\u015fam alanlar\u0131 \u00fcretme hedefiyle kuruldu\u011fumuz g\u00fcnden bu yana in\u015faat sekt\u00f6r\u00fcnde faaliyet g\u00f6stermekteyiz. Her projede kaliteyi, m\u00fc\u015fteri memnuniyetini ve m\u00fchendislik disiplinini \u00f6n planda tutarak; sadece binalar de\u011fil, uzun y\u0131llar boyunca de\u011ferini koruyan ya\u015fam alanlar\u0131 in\u015fa ediyoruz. Uzman kadromuz, modern teknolojiler ve yenilik\u00e7i \u00e7\u00f6z\u00fcmlerle; konut, i\u015f yeri, tadilat ve [&hellip;]<\/p>\n","protected":false},"author":1,"featured_media":0,"parent":0,"menu_order":0,"comment_status":"closed","ping_status":"closed","template":"","meta":{"footnotes":""},"class_list":["post-16","page","type-page","status-publish","hentry"],"_links":{"self":[{"href":"https:\/\/heyvyapi.com\/index.php\/wp-json\/wp\/v2\/pages\/16","targetHints":{"allow":["GET"]}}],"collection":[{"href":"https:\/\/heyvyapi.com\/index.php\/wp-json\/wp\/v2\/pages"}],"about":[{"href":"https:\/\/heyvyapi.com\/index.php\/wp-json\/wp\/v2\/types\/page"}],"author":[{"embeddable":true,"href":"https:\/\/heyvyapi.com\/index.php\/wp-json\/wp\/v2\/users\/1"}],"replies":[{"embeddable":true,"href":"https:\/\/heyvyapi.com\/index.php\/wp-json\/wp\/v2\/comments?post=16"}],"version-history":[{"count":2,"href":"https:\/\/heyvyapi.com\/index.php\/wp-json\/wp\/v2\/pages\/16\/revisions"}],"predecessor-version":[{"id":18,"href":"https:\/\/heyvyapi.com\/index.php\/wp-json\/wp\/v2\/pages\/16\/revisions\/18"}],"wp:attachment":[{"href":"https:\/\/heyvyapi.com\/index.php\/wp-json\/wp\/v2\/media?parent=16"}],"curies":[{"name":"wp","href":"https:\/\/api.w.org\/{rel}","templated":true}]}}